{"id":2446,"date":"2021-07-14T09:28:25","date_gmt":"2021-07-14T06:28:25","guid":{"rendered":"https:\/\/gocolgusu.atauni.edu.tr\/?page_id=2446"},"modified":"2021-07-31T14:19:49","modified_gmt":"2021-07-31T11:19:49","slug":"onur-kurulu","status":"publish","type":"page","link":"https:\/\/gocolgusu.atauni.edu.tr\/?page_id=2446","title":{"rendered":"ONUR KURULU"},"content":{"rendered":"<p>[vc_row][vc_column][vc_column_text]<\/p>\n<p><strong>Onursal Ba\u015fkan\/Honorary President<\/strong><\/p>\n<p>Prof. Dr. \u00d6mer \u00c7OMAKLI<\/p>\n<p>Atat\u00fcrk \u00dcniversitesi Rekt\u00f6r\u00fc<\/p>\n<p><strong>Onur Kurulu\/ Honorary Committee<\/strong><\/p>\n<p>Prof. Dr. Dilaver D\u00dcZG\u00dcN, Atat\u00fcrk \u00dcniversitesi Edebiyat Fak\u00fcltesi Dekan\u0131, T\u00dcRK\u0130YE<\/p>\n<p>Prof. Dr. H\u00fcseyin YAZICI, Fatih Sultan Mehmet Vak\u0131f \u00dcniversitesi, T\u00dcRK\u0130YE<\/p>\n<p>Prof. Dr. S\u00fcleyman T\u00dcL\u00dcC\u00dc, Erzincan \u00dcniversitesi, T\u00dcRK\u0130YE<\/p>\n<p>Do\u00e7. Dr. Mustafa AYDIN, Ayd\u0131n \u00dcniversitesi M\u00fctevelli Heyeti Ba\u015fkan\u0131, T\u00dcRK\u0130YE<\/p>\n<p>[\/vc_column_text][\/vc_column][\/vc_row]<\/p>\n","protected":false},"excerpt":{"rendered":"<p>[vc_row][vc_column][vc_column_text] Onursal Ba\u015fkan\/Honorary President Prof. Dr. \u00d6mer \u00c7OMAKLI Atat\u00fcrk \u00dcniversitesi Rekt\u00f6r\u00fc Onur Kurulu\/ Honorary Committee Prof. Dr. Dilaver D\u00dcZG\u00dcN, Atat\u00fcrk \u00dcniversitesi Edebiyat Fak\u00fcltesi Dekan\u0131, T\u00dcRK\u0130YE Prof. Dr. H\u00fcseyin YAZICI, Fatih Sultan Mehmet Vak\u0131f \u00dcniversitesi, T\u00dcRK\u0130YE Prof. Dr. S\u00fcleyman T\u00dcL\u00dcC\u00dc, Erzincan \u00dcniversitesi, T\u00dcRK\u0130YE Do\u00e7. Dr. Mustafa AYDIN, Ayd\u0131n \u00dcniversitesi M\u00fctevelli Heyeti Ba\u015fkan\u0131, T\u00dcRK\u0130YE [\/vc_column_text][\/vc_column][\/vc_row]<\/p>\n","protected":false},"author":1,"featured_media":0,"parent":0,"menu_order":0,"comment_status":"closed","ping_status":"closed","template":"","meta":{"footnotes":""},"class_list":["post-2446","page","type-page","status-publish","hentry"],"_links":{"self":[{"href":"https:\/\/gocolgusu.atauni.edu.tr\/index.php?rest_route=\/wp\/v2\/pages\/2446","targetHints":{"allow":["GET"]}}],"collection":[{"href":"https:\/\/gocolgusu.atauni.edu.tr\/index.php?rest_route=\/wp\/v2\/pages"}],"about":[{"href":"https:\/\/gocolgusu.atauni.edu.tr\/index.php?rest_route=\/wp\/v2\/types\/page"}],"author":[{"embeddable":true,"href":"https:\/\/gocolgusu.atauni.edu.tr\/index.php?rest_route=\/wp\/v2\/users\/1"}],"replies":[{"embeddable":true,"href":"https:\/\/gocolgusu.atauni.edu.tr\/index.php?rest_route=%2Fwp%2Fv2%2Fcomments&post=2446"}],"version-history":[{"count":7,"href":"https:\/\/gocolgusu.atauni.edu.tr\/index.php?rest_route=\/wp\/v2\/pages\/2446\/revisions"}],"predecessor-version":[{"id":2508,"href":"https:\/\/gocolgusu.atauni.edu.tr\/index.php?rest_route=\/wp\/v2\/pages\/2446\/revisions\/2508"}],"wp:attachment":[{"href":"https:\/\/gocolgusu.atauni.edu.tr\/index.php?rest_route=%2Fwp%2Fv2%2Fmedia&parent=2446"}],"curies":[{"name":"wp","href":"https:\/\/api.w.org\/{rel}","templated":true}]}}